-6).
-6
Let m(c) = c**3 + 4*c**2 - c - 2. Let v be m(-4). Suppose v*x = -0*x - 4*i, 0 = -4*x + 3*i + 55. Let y(s) = -s**3 + 10*s**2 + 3. Calculate y(x).
3
Let t(u) be the third derivative of 0*u - 1/60*u**5 + 0 + 1/24*u**4 + 1/2*u**3 + 21*u**2. Suppose 0 = -2*z - 2 - 6. Give t(z).
-17
Let f(v) = v**2 + 5*v - 1. Let q = -16 + 18. Let j be q*(-4)/8 + -4. Let m be f(j). Let z(d) = -4*d. What is z(m)?
4
Let k(y) be the first derivative of y**3/3 - 7*y**2 + 18*y + 20. Give k(13).
5
Let d(b) = b**3 + b - 3. Let a be -8*(3 + 0)/(-2 - 2). Suppose -4*w + 10 = -5*h, 2 = -w - 4*h - a. Determine d(w).
-3
Let i(g) = -g**2 - 5*g - 5. Let m = -37 + 39. Suppose -m*l - u - 6 = 2, 3*u = -3*l - 6. Give i(l).
-11
Let c(g) be the first derivative of -2*g**2 - 4*g + 5. Suppose 15*o - 5*o = 70. Suppose 2*z + 6 + o = -5*f, -3*f = 4*z + 5. Give c(f).
8
Let d be ((-24)/16)/((-3)/4 + 0). Suppose -z = d*z - 15. Let i(k) = -k**2 + 7*k + 5. Give i(z).
15
Let v(q) = 2*q**3 - 18*q**2 + 5*q - 47. Let p be v(9). Let b(l) = 2*l**2 - l - 4. Determine b(p).
6
Let t(q) = -6*q**3 - 1 - 24*q**2 - 13*q**2 + 64*q**2 - 24*q**2. Determine t(2).
-37
Let t(o) = -o - 1. Let r(w) = -7*w. Let c(h) = -r(h) + t(h). Let n(l) = 2*l**3 + 2*l**2 - l + 2. Let g be n(-2). Let b = 5 + g. What is c(b)?
5
Let w(x) = x**3 + 6*x**2 - 16*x - 6. Let n(h) = -14*h + 20. Let y be n(2). Calculate w(y).
-6
Let p(k) = -k**3 - 8*k**2 - 22*k - 57. Let v be p(-6). Let u(i) = 4*i**2 - 4*i + 0*i + 0*i**2 - i**3 + i. Give u(v).
0
Let d(j) = -23*j**2 + 11*j - 9. Let z(p) = -11*p**2 + 5*p - 4. Let r(x) = -4*d(x) + 9*z(x). Let m(q) = -q + 7. Let i be m(6). Calculate r(i).
-6
Let j be ((-12)/(-10))/(-3)*10. Let u(n) = -14 + 4*n**3 - 13 - 6*n - 7 + 31 - 3*n**3 + 3*n**2. What is u(j)?
5
Let h(f) be the first derivative of f**2/2 + 3*f + 66. Determine h(-9).
-6
Let o(s) = 3*s**3 - 2*s**2. Let p be 2 + 0/(0 - 2). Suppose -3*z = -p*w - 5, 0 = -w - 0*z - 5*z + 17. What is o(w)?
16
Suppose 3*c + d - 106 = 0, -2*c + 3*c - 36 = -d. Let b be 23/7 - 10/c. Let r(n) be the second derivative of -n**4/6 + n**3/6 + n**2/2 - 264*n. Give r(b).
-14
Let v(i) = 9674 + 9677 - 19359 - i**2 - 9*i. Suppose 15 + 1 = -2*z. What is v(z)?
0
Let n(o) be the first derivative of o**4/4 + 2*o**3/3 - 4*o**2 - 6*o - 194. Calculate n(-5).
-41
Suppose 25 = 2*h + 2*v + v, -3*v = -4*h + 5. Let s(i) = -h + 4 + i**2 - 3 - 1 - 2*i. What is s(6)?
19
Suppose 34 = a + 33. Let x(v) = 2*v**3 - 2*v + 1. What is x(a)?
1
Let x(v) = 4*v - 17089*v**2 + v**3 + 17082*v**2 - v + 4. Give x(4).
-32
Let l(j) = 10*j - 10. Let h(c) be the third derivative of c**4/8 - c**3/2 - 4*c**2. Let n(q) = -7*h(q) + 2*l(q). Give n(-5).
6
Suppose 0 = 7*s - 3338 + 3317. Let w(a) be the first derivative of 1/3*a**s - a**2 + 2*a - 9. Determine w(3).
5
Let d(r) be the third derivative of 22*r**2 + 0 + 1/120*r**6 + 1/2*r**3 - 5/24*r**4 + 0*r - 1/20*r**5. Calculate d(4).
-1
Let t(p) be the first derivative of p**3/3 + 3*p**2 + p + 84. Give t(-4).
-7
Let f(i) = -5*i + 1. Let o = 4 + -9. Let x(u) = -4*u + 1. Let z(d) = o*f(d) + 6*x(d). Suppose -15*c - 58 = 14*c. What is z(c)?
-1
Let x(o) = 2*o + 43. Let b = -1431 + 1408. Determine x(b).
-3
Let t = 34 - 32. Let q(g) = -4 + g - 1 + t + 6. What is q(-2)?
1
Let l(v) = 5*v**2. Suppose -2*r - 2*q + 0 - 8 = 0, -2*q - 2 = -4*r. Let c be l(r). Let h(k) = -c*k**3 - k**2 + 10 + 4*k**3 - k - 2. Calculate h(0).
8
Let f be (4/(-14))/((-17)/119). Suppose 2*n - 3*n = -3*k - 4, k = f*n - 3. Let i(v) = 5*v**3 - 4*v**2 + 5*v**2 - v + 0*v**2. Determine i(n).
5
Let m(s) = -10*s**2 - 16*s - 7. Let u(l) = -28*l**2 - 47*l - 20. Let o(y) = -11*m(y) + 4*u(y). What is o(-8)?
-35
Let l(n) = -4*n**2 - 4*n - 1. Let m(s) = -5*s**2 - 2*s - 2. Let u(o) = -3*l(o) + 2*m(o). Calculate u(-6).
23
Let p(a) = 2*a + 9. Let q be -2*4 + 2 + -1. Let c be p(q). Let w(v) = -108215 + 6*v**2 + 54101 + v**3 + 54107 + v. Calculate w(c).
13
Let m(g) = 4*g + 6. Let o(a) = 4*a + 6. Let b(r) = -3*m(r) + 2*o(r). Let l be b(-2). Suppose -l*h - 5 = -3*h, -2*k - 5*h = -29. Let s(u) = -7*u + 1. Give s(k).
-13
Suppose -2*y = 3*k - 6*y - 8, -4*k - 3*y = -19. Let p(v) = 59 - k*v + 59 + 2*v**2 - 2*v**3 + 3*v**3 - 121. Calculate p(-2).
5
Let l(k) = k**3 - 6*k**2 + 5*k. Let i(c) = c**2 - 10*c + 1. Let d be i(-3). Suppose 5*o + 14 + 1 = 0. Let t be d/12*o/(-2). What is l(t)?
0
Let d(j) be the second derivative of 0 + 1/6*j**3 + 2*j**2 - j. Calculate d(0).
4
Let m(z) = 4*z - 1. Suppose -89 = -39*o - 11. Calculate m(o).
7
Let j(h) be the second derivative of 38*h + 0 + 1/6*h**3 - 7/2*h**2. What is j(6)?
-1
Let v(r) be the second derivative of -4*r**4/3 - r**3/6 - 56*r. Give v(1).
-17
Let q(k) = -15*k**2 - 5*k + 13. Let j(h) = 6*h**2 + h - 5. Let r(g) = 5*g**2 - 4. Let b(i) = -3*j(i) + 2*r(i). Let m(n) = 11*b(n) - 6*q(n). What is m(-2)?
13
Let k be 10/(-12) - 232/(-48). Let q(h) = 5*h. Calculate q(k).
20
Let f(a) = -4*a + 5. Let l(y) = y**2 + 19*y + 95. Let z be l(-9). What is f(z)?
-15
Suppose -15 + 2 = 13*s. Let h(x) = -2*x**2 - x - 2. Let i(j) = -j**2 + 1. Let y(r) = h(r) + 2*i(r). Give y(s).
-3
Let d(y) = 2*y**2 - 43*y - 62. Let k be d(23). Let j(l) = -l**2 + 10*l + 2. What is j(k)?
23
Let f be (-2)/(-4) + (-22)/(-4). Let c(t) be the first derivative of -4 - 1/2*t**2 + f*t. Give c(5).
1
Let l = 6 + 4. Let t(o) = -o**2 + 10*o - 7. Determine t(l).
-7
Let i = 20 + -20. Let n(l) = -4 - 2*l + l**3 + i*l - 3*l**2 + 3*l. Suppose 17 = 5*p + z, 4*p = 2*p + z + 4. What is n(p)?
-1
Let q(k) = 3*k**2 + 3*k - 1. Let i(x) = 2*x**2 + 2*x - 1. Let f(o) = 4*i(o) - 3*q(o). Suppose 43*m - 42 = 85*m. Calculate f(m).
-1
Let c(w) = 7*w + 4. Let t(h) = 19*h + 11. Let o(q) = -5*c(q) + 2*t(q). Let j(p) = p + 1. Let g be j(0). Give o(g).
5
Let r(w) be the first derivative of 1/3*w**3 + 1 + 0*w + 3*w**2. Suppose 67*u + 36 = 61*u. Determine r(u).
0
Let o(h) = -5 - h**3 + 0*h**3 - 5*h + 4*h - 7*h**2 - 2 - 6*h. Determine o(-6).
-1
Let c(m) be the first derivative of 2*m**3/3 + m + 47. Calculate c(2).
9
Let r(z) = -5*z - 2*z - z**3 + 38 - 558093*z**2 + 558100*z**2. Determine r(7).
-11
Let t = 115 + -112. Suppose l + 0*o - 14 = -t*o, l - 2*o + 6 = 0. Let j(i) = 2*i**3 + i - 1. Give j(l).
17
Let j(h) = 2*h - 13. Let m = -611 - -619. Determine j(m).
3
Let x = -12 + 13. Let a = 13 - x. Suppose a*q - 14*q = 16. Let s(m) = m**2 + 8*m + 1. What is s(q)?
1
Let j = -129 + 99. Let k be 3*(20/j)/((-2)/(-3)). Let q(b) be the second derivative of -b**5/20 - b**4/6 + 2*b**3/3 + 3*b**2/2 - b. Give q(k).
0
Let o be 1*-8 + (-6)/2. Let j = 11 + o. Let r(x) = 2 + 6*x - 3*x**3 + 6*x**2 + 2*x**3 + j*x**2 + 2*x**3. Determine r(-5).
-3
Let c(v) = -3*v + 9. Suppose -5*x = 2*x - 35. Let w be c(x). Let d(f) = f + 3. Give d(w).
-3
Let f(x) = 11*x**2 + x - 1022 - 6*x + 1036 - 5*x - x**3. Determine f(10).
14
Let a(w) be the first derivative of -w**2 - 1/3*w**3 + 2*w + 4. Suppose 4*x + 0*b + b + 16 = 0, -3*x + 4*b - 12 = 0. Calculate a(x).
-6
Let m = -16 + 24. Let z(o) be the third derivative of -o**6/120 + 3*o**5/20 - 7*o**4/24 + o**3/6 + 640*o**2. Determine z(m).
9
Let x be (4 - 52/39)*6/(-4). Let k(u) = 3*u**2 + 5*u - 2. Give k(x).
26
Let v(x) be the third derivative of -x**5/60 + 5*x**4/24 - x**3/3 + 95*x**2. Suppose 18 = 5*a - 2*a. What is v(a)?
-8
Let o = -20 - -22. Let d(j) = j**3 + j + 82*j**2 - 84*j**o - 2 + 0*j. Calculate d(3).
10
Let b(m) be the first derivative of m**4/4 + 7*m**3/3 - 3*m**2 + 3*m - 731. What is b(-8)?
-13
Let d(m) = 2*m**2 + 3*m. Let z be 2/6 - (-3840)/90. Let w = z - 46. Calculate d(w).
9
Let y = -1543 + 1547. Let u(q) = -q**2 + 3*q - 2. What is u(y)?
-6
Let v(a) = 14*a**2 - 42*a**2 + 16*a**2 - 4*a - 5 + 11*a**2 + 11*a. What is v(6)?
1
Let z = -12 + 8. Suppose 0 = 5*a + j + 43, -8*j + 6*j = 2*a + 14. Let b = z - a. Let p(c) = -2*c. What is p(b)?
-10
Suppose 5*t - 3*t = -3*i - 6, -5*t - 2*i - 4 = 0. Let c(n) be the second derivative of -1/3*n**3 + t*n**2 - 7*n + 0. What is c(-2)?
4
Let z(v) = -11 + 8*v + 12*v - 9*v - 4 - 12*v. Give z(-12).
-3
Let p = -355 + 360. Let h(a) = -9. Let j(n) = n + 1. Let k(l) = -h(l) - 4*j(l). Calculate k(p).
-15
Let z(t) = 2*t**2 - 21*t - 16. Let i be z(12). Suppose -i*q - 9 = -23*q. Let w(f) = -f**2 + 7*f. Give w(q).
12
Let l(i) = 41*i - 1. Let z(t) = 33*t. Let w(k) = -5*l(k) + 6*z(k). Give w(4).
-23
Let b = -1 